*u + 5. Suppose -3*o + 62 = 11. Suppose 4*l = 5 - o. Let s = l + 7. Determine v(s).
-7
Let c(p) = 3*p + 1. Let t(k) = -k**3 + 5*k**2 + 7*k + 7. Let j be t(6). Suppose 5*a - 5*y - j = -3, 2*y = -4*a - 16. Let r = -3 - a. Calculate c(r).
-2
Let g(w) = -4*w - 1. Let r be g(-1). Suppose s = r*s - 2. Let j(b) be the second derivative of b**4/6 - 10*b. Determine j(s).
2
Let c(p) be the second derivative of -7*p**4/12 + p**2/2 - 2*p. Calculate c(-1).
-6
Let i(c) = -c**3 + 5*c**2 + c. Let s be i(5). Let a = s - 2. Let m(t) = 0 - t + 0 + t**2. Determine m(a).
6
Suppose -3*w + 2 = -1. Let z(b) be the second derivative of 3*b**4/4 + b**3/6 - b**2/2 - 147*b. Calculate z(w).
9
Let y(k) be the first derivative of -k**2 - 4*k - 5. Determine y(-4).
4
Let w(v) = -6*v + 10. Let l(y) = -2*y + 3. Let f(t) = 7*l(t) - 2*w(t). Suppose 12 + 18 = 5*a + 5*x, 17 = 2*a + 3*x. Determine f(a).
-1
Let h(s) = -s**2 + 5*s - 1. Let p be h(4). Let u(v) = v**2 - 3 + 3*v**3 - 2*v + v - 2*v**p. Determine u(0).
-3
Suppose 0 = -3*x - 3*p + 9, 2*x + 3*p + 2*p = 3. Let z be 1/(-3) - x/6. Let m(b) = 10*b**2 + b. What is m(z)?
9
Let o be (-3)/(-2) + (-26)/(-4). Suppose 4*k + 4*c + o = 0, k - 4*c - 18 = -0*k. Let a(d) = -d - 3*d**3 + 3*d**3 + d**k + d**3. Calculate a(2).
10
Let d(t) = 11*t**3 - 7*t**2 - 15*t + 7. Let q(i) = -7*i**3 + 5*i**2 + 10*i - 4. Let x(m) = -5*d(m) - 8*q(m). Let b = 15 + -9. Determine x(b).
3
Suppose -5*b = -3*s - 4, 0*b - b = 3*s - 8. Let w(z) = -1 + 2*z**2 - z**s + 4 - 2 - 4*z. Suppose 5*o = -5*i + 10, -o - 2*i + 5*i + 14 = 0. What is w(o)?
6
Let m = -18 + 13. Let n(j) = -3*j - 11. Let v(d) = -3*d - 10. Let h(a) = m*n(a) + 6*v(a). Let p(w) = -2*w - 44. Let z be p(-20). Determine h(z).
7
Let q(h) = -2*h**2 - 10*h + 6. Let z(l) = l - 1. Let i(g) = -q(g) - 8*z(g). Let s be (2/4)/(6/(-36)). Let f(k) = -k**2 - 4*k - 5. Let v be f(s). Determine i(v).
6
Let p(c) = -5 - 7 + 14 - c. Let q be p(0). Let o(s) = -2*s**2 - 2*s + 3. Calculate o(q).
-9
Let c(v) = -2 - 1 - 2 + 3*v. Let f = 28 + -24. Calculate c(f).
7
Suppose -3*c + 5*c = 6, -n + 4*c = 16. Let r be (-2)/(-4)*(n - -2). Let f(w) = -3*w**3 - 2*w**2 - 2*w - 1. Calculate f(r).
2
Let d(x) = 2*x**2 + 3*x - 3. Let l = -27 + 29. Give d(l).
11
Let w(m) = -m**2 - 4*m - 4. Let k be w(-3). Let b(z) = -7*z**3 + z**2 + z. Determine b(k).
7
Let t(z) = z - 1. Let m(w) = -w + 4. Let r(g) = m(g) + 2*t(g). Let d(l) = -3*l**2 + 3*l. Let x be d(2). Determine r(x).
-4
Let l(v) be the first derivative of v**3/3 - 5*v**2/2 - 7*v - 9. Let y = 1 + 4. What is l(y)?
-7
Let q be ((-4)/(-6))/(2/6). Let u(b) = -4 + 1 + 4 - q*b. Give u(-2).
5
Let j(h) be the first derivative of 1/4*h**4 - 10 - 1/3*h**3 + 8*h + 0*h**2. What is j(0)?
8
Let r(f) = 3*f - 8. Let a(v) = 4*v - 9. Let j(i) = 4*a(i) - 5*r(i). Determine j(-5).
-1
Suppose 7*a = 15*a - 48. Let j(u) = u - 10. What is j(a)?
-4
Let v = 11 + -8. Let o(k) = -3*k + 3 + 4*k**2 - 2*k - 5*k**v + 4*k**3. Determine o(3).
-3
Let b = -1 - -5. Suppose 0 = u - 2 - 0. Let i(z) = -4*z**2 + z - 3 + u*z**2 + 4*z**2 + b*z. What is i(-4)?
9
Let n(s) be the first derivative of -s**5/120 - s**4/6 - s**3 - 5. Let p(g) be the third derivative of n(g). Give p(0).
-4
Let c = 2/19 - -91/38. Let j(o) be the second derivative of -2*o + 2/3*o**3 + 1/12*o**4 - c*o**2 + 0. Determine j(-5).
0
Let s be ((-12)/15)/((-2)/5). Let f = s - 4. Let c(x) = -4*x**2 - 5*x - 2. Let h(i) = -i**3 + 8*i**2 + 11*i + 5. Let j(a) = -5*c(a) - 2*h(a). What is j(f)?
-6
Let y(r) be the third derivative of r**4/24 + r**3/6 - 2*r**2. Let q(f) = -2*f - 1 + 0 - f**2 + 8*f. Let g(m) = q(m) - 2*y(m). What is g(3)?
0
Let u = -11 + 7. Let a(s) be the second derivative of -2*s + 2/3*s**3 - 5/2*s**2 + 0 + 1/12*s**4. Calculate a(u).
-5
Let c(d) be the third derivative of d**6/120 - d**5/60 - d**4/12 - d**2. Suppose -6 = 2*u + 2*a, 2*a = -3*u - 2*a - 6. Let i = 8 + u. Determine c(i).
0
Let y(p) = -3*p - 2 + 0 + 1. Let a = -4 - -2. Give y(a).
5
Let c(h) = h**3 + 8*h**2 + 6*h - 1. Suppose 0 = 3*w - 2 + 23. Give c(w).
6
Let g(v) be the first derivative of v**4/12 + 4*v**3/3 + 4*v**2 - 5*v - 5. Let a(k) be the first derivative of g(k). What is a(-6)?
-4
Let b(h) = 4 - h + 3*h - 2*h + h**2 + 4*h. Determine b(-4).
4
Let a(l) = l**3 - 5*l**2 - 7*l + 3. Let g be 10*(-9)/(-60)*4. What is a(g)?
-3
Let c be 2/4 - 1/2. Let z(m) = -3*m**2 - 2*m - 5. Let g(t) = -t**2 - t - 3. Let h(f) = 5*g(f) - 2*z(f). Determine h(c).
-5
Let c(f) be the third derivative of f**5/60 + f**4/6 + f**3/6 - 2*f**2. Let b = 9 + -12. Determine c(b).
-2
Let p(o) be the third derivative of -o**4/24 + 5*o**3/6 - o**2. What is p(0)?
5
Let q be 28/(-16) - 6/(-8). Let z be 3*q/(-3)*1. Let m(p) = -2*p + 1. Determine m(z).
-1
Let c = 3 - 2. Let l(j) be the second derivative of -2*j - 1/6*j**4 + 0*j**3 - 1/2*j**2 + 0. Determine l(c).
-3
Let q be 30/(-18)*3*-1. Let g(z) = 1 + q*z + 4*z - z - 3*z. Suppose 2*l + 3*l = -5. Determine g(l).
-4
Let d(q) = q**3 - q**2 - q - 2. Let n = -15 - -15. Calculate d(n).
-2
Let p(v) be the second derivative of v**4/12 - v**3 - v**2 - 3*v. Suppose 5*r + 13 = x, x + 0*r - 1 = -r. What is p(x)?
-11
Let o(l) = l**2 + 4*l. Let d(a) = -a**3 - 5*a**2 - 2*a - 6. Let z be d(-4). Let b = -9 - z. Let w be 1*b*(-6 + 5). Calculate o(w).
5
Suppose s - 2*d = -0*s + 2, -5*s = -3*d + 4. Let l(i) = 2*i + 1. Give l(s).
-3
Let r(m) = -m**3 + 4*m**2 + 4*m + 3. Let u = 131 + -126. Give r(u).
-2
Suppose -2 = -4*o + 2*p + 18, 0 = -4*o - 2*p + 4. Suppose g + o*g + 12 = 0. Let a = g - 1. Let u(i) = i**3 + 5*i**2 + 3*i - 1. What is u(a)?
3
Let t(z) = -15*z - 4. Let j(s) = -4*s - 1. Let x(o) = -22*j(o) + 6*t(o). What is x(-7)?
12
Let h(b) be the first derivative of 5*b**4/4 - b - 12. Calculate h(-1).
-6
Let a(j) = -j + 1. Let x = -12 + 23. Let r = -17 + x. Give a(r).
7
Let y(j) = -2*j - 1. Let l(d) = 11*d + 6. Let f(m) = -l(m) - 6*y(m). Determine f(1).
1
Let f(w) be the third derivative of -2*w**2 - 1/60*w**5 + 0 + 0*w - w**3 + 1/24*w**4. Suppose -y + 2 + 2 = 0, k - y = -4. Give f(k).
-6
Let d(a) = -5*a**3 + a**2 - a. Let m = 9 - 5. Suppose 4*k = -2*i, -m*k - i + 5 = 3. Calculate d(k).
-5
Let d(w) = 4 - 5*w + w**3 + 7*w**2 - 2*w - 4*w**3 + 2*w**3. Determine d(6).
-2
Let k(p) = -2*p**2. Let x(w) = 5*w**2 + 5*w + 9. Let q(y) = 3*k(y) + x(y). Give q(7).
-5
Let f(x) = x + 0*x + x + 1. Give f(1).
3
Let i be (2 + -2)/1 + -6. Let z(j) = 0*j - 6 - 4*j + 3*j + 2. Determine z(i).
2
Let f(r) = -3 - r**2 + 2 + r - 2*r + r**3. Let x(p) = p**2 + 51*p + 50. Let d be x(-1). What is f(d)?
-1
Let x(t) be the second derivative of 3*t**5/10 + t**4/12 + t**3/6 - 14*t. Give x(-1).
-6
Suppose 2*t + 3 = -2*i - 7, -4*t = 3*i + 14. Let q be -1 - i/(-1 - -3). Let o(c) = 4*c**2 - 2*c**2 - 3*c**q + 3*c - 4. What is o(4)?
-8
Let j(k) = -k**2 + 2. Suppose 5*z + 0*v = -5*v, -5*v + 18 = -z. Let p be (-1)/z*0 - 2. Determine j(p).
-2
Let k(q) be the second derivative of q**5/20 + q**4/4 + 2*q**3/3 + q**2 + 11*q. Let t = 1 - 4. Calculate k(t).
-10
Let v(q) = 2*q**2 - 3*q. Suppose 0 = -u - 2*u + 9. Determine v(u).
9
Let x(m) = -88*m + m**3 + 91*m - 2*m**3 + 2 - 5*m**2. Determine x(-5).
-13
Let j(m) be the second derivative of 5*m**3/6 - 2*m**2 + 8*m. Give j(3).
11
Let w be (2/3)/((-1)/(-3)). Let g(r) = 3*r**2 - 7*r**w + 5*r + 3*r**2. Calculate g(4).
4
Let n(v) = -2 + 0*v - 9 + 1 - 2*v. Calculate n(-7).
4
Let x(w) = -10*w**2 + w + 1. Suppose -y + 22 = -5*n, -y - n - 2*n - 18 = 0. Let j = -4 - y. Let k be (-2 + (-6)/(-2))/j. Calculate x(k).
-10
Let x(z) = 7*z**3 + 2*z**2 - 1. Suppose 5 = 4*o - 7. Suppose 2*m = -m - o. Determine x(m).
-6
Suppose -3 = v - 6. Let g = 5 - v. Let u(f) = -5*f**g + 3*f**2 + 0*f - 3*f**3 - 4*f**3 - f. Calculate u(-1).
6
Let z(g) be the second derivative of g**4/12 - 5*g**2/2 + g. Suppose l + 16 - 1 = 3*s, 0 = l - 5*s + 25. Determine z(l).
-5
Let j(a) be the third derivative of -a**5/60 - 5*a**4/24 + a**3/6 + a**2. Let q be j(-5). Let z(k) = -6*k**3 + 0*k**3 + k**3 - k. Give z(q).
-6
Suppose -o - 32 = -3*o. Suppose 7 = 2*l - z, 0*z = 5*l - 3*z - o. Let g(j) = -j - 1. Let x(d) = -d - 1. Let y(c) = -4*g(c) + 5*x(c). What is y(l)?
-6
Let j(z) = -z**2 - 3*z + 3. Suppose 3*t = 15, -4*t = -2*h - 5*t + 13. Give j(h).
-25
Let s(m) = -4*m + 39. Let o be s(9). Let w(d) = -3*d + 3. Give w(o).
-6
Let d = -9 + 8. Let o(f)